f. Calculate the greatest common factor of 35 and f.
7
Let y = -51 - -128. Calculate the greatest common divisor of 11 and y.
11
Let w = 59 + -40. Let g(v) = -v**2 - 2*v - 2. Let m be g(-4). Let i = m + w. What is the greatest common factor of 9 and i?
9
Suppose -3*k = -11*k + 24. Calculate the greatest common factor of k and 15.
3
Let u(g) = -2*g**2 + 18*g - 34. Let n be u(6). Let w be ((-4)/3)/((-2)/3). Calculate the highest common factor of n and w.
2
Suppose 5*x - 30 = 120. Calculate the greatest common divisor of x and 6.
6
Let z = -8 - -21. Suppose -4*b = -2*b - 8. Suppose y - 85 - 27 = 4*i, -b*y - 2*i = -412. Calculate the greatest common divisor of z and y.
13
Let w = -103 - -111. Calculate the greatest common divisor of w and 64.
8
Let x(g) = -g**2 + 11*g + 8. Let c be (-28)/(-4) - (-2 + -1). Let q be x(c). Calculate the greatest common factor of 6 and q.
6
Let v be -10*(-2)/(-16)*-4. Suppose 0 = k + 1 - v. What is the greatest common divisor of k and 8?
4
Let y(x) = -2*x**2 + 17*x + 41. Let d be y(10). Calculate the greatest common divisor of 11 and d.
11
Suppose 0 = 6*m - 10*m + 96. Calculate the greatest common divisor of 12 and m.
12
Suppose -85 - 95 = -6*l. Let q be (3/(-2))/((-1)/10). What is the highest common divisor of l and q?
15
Suppose 0*m - 2*m = -4. Let o(f) = 9*f - 3. Let v be o(m). Calculate the highest common factor of 6 and v.
3
Suppose -3*m = m + c - 45, -4*m + c = -35. Let l be 3 + m*15/6. Let s = -64 - -106. Calculate the highest common factor of s and l.
14
Let t(k) = -k + 13. Let v be t(-11). What is the highest common divisor of v and 4?
4
Let w be 1*4/(-10)*-190. Calculate the greatest common factor of w and 4.
4
Let d be 771/12 + 4/(-16). Let q = d + 244. What is the greatest common factor of q and 28?
28
Let n be 16*1 - 1*2. Suppose -10 - n = -r. Let i be (24/14)/(3/14). Calculate the highest common factor of i and r.
8
Suppose -3*z + 2*z = -4. Let a be 342/z - 3/(-6). Let v = a - -35. What is the highest common divisor of v and 11?
11
Suppose 0*c = 4*c. Let p = 4 + c. What is the greatest common factor of p and 4?
4
Let k(v) = 0*v - 1 + 2*v + 3*v - 3*v. Let r be k(4). Let l be (-4)/(-14) + 208/r. Calculate the highest common factor of 6 and l.
6
Let g(l) = 2*l**2 - 3. Let n be g(-3). Suppose q - 37 = -3*f - 4*q, 4*f + 2*q - 26 = 0. Suppose -4*s - f = -64. Calculate the greatest common factor of s and n.
15
Suppose -7 + 63 = 4*m. Let c be 1 + m*(-2)/(-4). Let o be -1*(-2 + c/(-2)). What is the highest common divisor of 30 and o?
6
Let m = -89 + 180. Calculate the greatest common factor of m and 7.
7
Let g(f) be the first derivative of -f**3/3 + f**2/2 + 12*f - 4. Let c be g(0). What is the highest common factor of 132 and c?
12
Let f be (-2 - -14)/(0 - (-2 + 1)). Calculate the highest common divisor of 6 and f.
6
Suppose -2*j - 17 = -61. Let l be ((-4)/(-5))/(6/210). Let m = l + -17. Calculate the greatest common divisor of j and m.
11
Let y = 166 + -151. Suppose -m = -2*s - 0*m + 55, -2*s - 4*m = -80. Let w be (-8)/3*s/(-8). Calculate the greatest common factor of y and w.
5
Let i be -15*(4/6 - 0). Let k be 1 + i/(-2)*4. Let m(t) = -9*t + 14. Let b be m(0). Calculate the greatest common factor of k and b.
7
Let f(g) = -g**3 + g**2 - g - 7. Let k be f(0). Let w = k + 15. Calculate the highest common divisor of w and 32.
8
Suppose q = -3*q + 4*t + 48, 4*q = t + 60. Let w be 5*(-24)/(-30) + 1 + -1. What is the highest common factor of q and w?
4
Let p = -4 - -7. Suppose -4*j - 4*q - 22 = -58, -21 = -3*j + p*q. Calculate the greatest common factor of 20 and j.
4
Let y = -42 + 61. Suppose -4*w - 7 = -27. Let a be 853/w - 2/(-5). Calculate the highest common factor of a and y.
19
Let u(d) = -7*d + 7. Let p(a) = a - 1. Let l(t) = 6*p(t) + u(t). Let g be l(-2). Suppose 80 + 109 = g*o. What is the highest common factor of o and 9?
9
Let q be 9/(-15) - (-126)/10. Calculate the greatest common divisor of 3 and q.
3
Let u(v) = -46*v - 2. Let j be u(-2). Let f = 17 + -15. Suppose -10 = f*b, -3*a + 15 = -a + b. Calculate the highest common factor of j and a.
10
Let n(t) = 5*t + 2. Let y be n(2). Let j be (-1 - -3)/2 - 1. Suppose -3*l + j*l = -288. What is the highest common divisor of y and l?
12
Suppose 0*j - 5*j - 20 = 0. Let g be (-48)/j + (-2 - 0). What is the greatest common divisor of 50 and g?
10
Suppose -1 = -2*j + j. Let y be -1 + (j - -28) - -2. Suppose p + y = 2*p. What is the highest common divisor of p and 6?
6
Suppose 0 = 3*g + 84 - 24. Let l be ((-18)/(-45))/((-1)/g). Calculate the greatest common factor of l and 2.
2
Let b = -3 + 4. Suppose 22 = -r - 5*g, 0 = -r - 3*r + 5*g - 38. Let h be -6*(0 - (-8)/r). What is the greatest common factor of b and h?
1
Let c be 1 + -2 + 0 - -16. Suppose -5*n - 2*u + 25 = 0, -n + 0*n = 4*u - 5. What is the highest common divisor of n and c?
5
Suppose u = -u + 136. Suppose -2*j + u + 60 = 3*x, x = j - 74. Calculate the highest common divisor of j and 28.
14
Suppose 3*y + 57 = -0*f + 3*f, -5*f + 94 = -4*y. Calculate the greatest common factor of f and 9.
9
Suppose -3*p - r + 75 = 0, 0 = -r - 0*r - 3. Let v be (-3124)/(-26) - 4/p. What is the highest common factor of 30 and v?
30
Let s = 72 + -45. Calculate the greatest common factor of 36 and s.
9
Let j = 40 + -18. Calculate the highest common factor of j and 22.
22
Let v be (132/15)/((-2)/(-5)). Suppose 1270 - 280 = 5*s. What is the highest common factor of s and v?
22
Let o be ((-56)/21)/(2/(-9)). Let q = 18 - 6. Calculate the highest common factor of q and o.
12
Let f = 41 - 17. What is the highest common divisor of 8 and f?
8
Let o = 15 - 4. Suppose 4*l - 483 = 3*s - 2*s, -4*l = -2*s - 482. Calculate the highest common divisor of l and o.
11
Suppose -3*x + 12 = -x. Let i be (-2)/x - (-696)/9. What is the highest common divisor of 7 and i?
7
Let f(a) = -a**3 + 13*a**2 + a + 3. Let j be f(13). What is the greatest common divisor of j and 112?
16
Suppose -3*a = -5*a + 110. Calculate the highest common divisor of a and 22.
11
Let v(s) = s**3 - 3*s**2 + 7*s - 6. Let l be v(5). Let q = -46 + l. Suppose -g = -q - 7. What is the highest common factor of 10 and g?
10
Let l = -236 + 244. Suppose -2*x + 4*n + 52 = 0, 5*x + 2*n - 55 = 15. What is the greatest common divisor of l and x?
8
Let u be -1 - 412/(-3 - -7). Let q be -5*(2 - u/(-10)). Let d(m) = m**3 + 3*m**2 - 7*m - 6. Let h be d(-4). What is the greatest common divisor of h and q?
6
Let x = -1 + 35. Calculate the greatest common divisor of 85 and x.
17
Suppose y = -2*y. Let k = 3 + y. Calculate the highest common factor of k and 15.
3
Let i(x) = 5*x - 4. Suppose -2 = b - u + 4, -3*b = 4*u + 11. Let t be 1/2 - b/2. Let p be i(t). What is the highest common factor of p and 88?
11
Suppose 2*j - 23 = -3. Calculate the highest common factor of 4 and j.
2
Let g = -3 + 6. Let b be g/(27/96)*3. Calculate the highest common divisor of b and 8.
8
Let f(o) be the second derivative of -o**5/20 - o**4/4 - o**3/6 + o**2/2 - o. Let z be f(-5). Calculate the greatest common factor of 14 and z.
14
Let h(s) = s + 7. Let f be h(11). Let g be (107 - 2)*6/5. What is the greatest common factor of g and f?
18
Let m be (2/(-5))/((-16)/480). What is the greatest common divisor of m and 108?
12
Let a = -12 - -27. What is the greatest common divisor of 60 and a?
15
Let u = 6 - 1. Let r be (28/8)/(-7)*-2. Let j = 34 + r. Calculate the highest common factor of u and j.
5
Suppose -5*y + 59 = -31. Let u = -1 + 0. Let m be 1*-6*(u - 0). Calculate the highest common factor of y and m.
6
Let b be (8/(-6) - -1) + (-345)/(-9). Calculate the highest common factor of 57 and b.
19
Let z = 7 + -5. Suppose -z*f = f - 108. Calculate the highest common divisor of 24 and f.
12
Suppose 0*x + 640 = 4*x. What is the highest common factor of x and 20?
20
Let v(c) = -c + 9. Let j be v(0). Let o be (-2)/(-9) + 79/j. Let w = 8 - 5. Calculate the greatest common divisor of o and w.
3
Let j = -125 + 145. Calculate the highest common divisor of 40 and j.
20
Let v(y) = -y**3 - 5*y**2 - y - 3. Let k be v(-5). Let n be k/(-3) - 4/(-6). Suppose n = 7*o - 2*o - 80. What is the greatest common factor of o and 8?
8
Let b = -6 - -27. Suppose 60 = 4*n + n + 2*c, c + 60 = 5*n. Suppose -x = -n - b. What is the greatest common fact